t the prime factors of 520013.
13, 17, 181
What are the prime factors of 236688?
2, 3, 4931
List the prime factors of 2144406.
2, 3, 11, 32491
List the prime factors of 5591451.
3, 197, 9461
What are the prime factors of 870808?
2, 17, 19, 337
List the prime factors of 1201731.
3, 19, 29, 727
List the prime factors of 1651451.
83, 101, 197
What are the prime factors of 8409242?
2, 661, 6361
List the prime factors of 137271.
3, 45757
List the prime factors of 2595212.
2, 648803
List the prime factors of 158825.
5, 6353
What are the prime factors of 454007?
191, 2377
List the prime factors of 310820.
2, 5, 15541
What are the prime factors of 5016868?
2, 1254217
What are the prime factors of 139273?
139273
What are the prime factors of 1605261?
3, 7, 76441
List the prime factors of 152801.
11, 29, 479
What are the prime factors of 314495?
5, 31, 2029
What are the prime factors of 444337?
23, 19319
List the prime factors of 253553.
253553
What are the prime factors of 364496?
2, 11, 19, 109
What are the prime factors of 66142?
2, 33071
What are the prime factors of 6791014?
2, 353, 9619
List the prime factors of 3983585.
5, 29, 83, 331
List the prime factors of 673110.
2, 3, 5, 277
List the prime factors of 387565.
5, 77513
What are the prime factors of 13431541?
13431541
List the prime factors of 51018.
2, 3, 11, 773
What are the prime factors of 15876973?
7, 2268139
List the prime factors of 56599.
56599
What are the prime factors of 366356?
2, 67, 1367
What are the prime factors of 80752?
2, 7, 103
List the prime factors of 376191.
3, 13933
What are the prime factors of 580222?
2, 19, 15269
List the prime factors of 2784349.
2784349
List the prime factors of 308571.
3, 73, 1409
What are the prime factors of 8382083?
8382083
List the prime factors of 280697.
280697
What are the prime factors of 11095085?
5, 23, 96479
What are the prime factors of 238384?
2, 47, 317
What are the prime factors of 735895?
5, 147179
List the prime factors of 472329.
3, 11, 13, 367
What are the prime factors of 1548705?
3, 5, 23, 67
List the prime factors of 984342.
2, 3, 164057
What are the prime factors of 5704716?
2, 3, 431, 1103
What are the prime factors of 20613514?
2, 37, 278561
What are the prime factors of 4434012?
2, 3, 11, 11197
List the prime factors of 2439412.
2, 179, 3407
List the prime factors of 13835234.
2, 7, 988231
List the prime factors of 20739852.
2, 3, 7, 82301
List the prime factors of 635255.
5, 127051
What are the prime factors of 1313813?
1313813
List the prime factors of 81119.
81119
List the prime factors of 1481035.
5, 67, 4421
List the prime factors of 2495950.
2, 5, 49919
List the prime factors of 1074026.
2, 17, 31, 1019
What are the prime factors of 184071?
3, 61357
What are the prime factors of 7444061?
31, 240131
What are the prime factors of 1002676?
2, 439, 571
What are the prime factors of 3199695?
3, 5, 19, 103, 109
What are the prime factors of 17004854?
2, 2683, 3169
List the prime factors of 2800235.
5, 560047
List the prime factors of 626976.
2, 3, 7, 311
List the prime factors of 445374.
2, 3, 109, 227
What are the prime factors of 267654?
2, 3, 31, 1439
List the prime factors of 146506.
2, 17, 31, 139
What are the prime factors of 1356238?
2, 13, 52163
What are the prime factors of 914799?
3, 304933
What are the prime factors of 191410?
2, 5, 19141
List the prime factors of 574569.
3, 63841
What are the prime factors of 511067?
29, 17623
List the prime factors of 1731309.
3, 43, 13421
What are the prime factors of 8909042?
2, 4454521
List the prime factors of 1139967.
3, 42221
List the prime factors of 29240.
2, 5, 17, 43
What are the prime factors of 1289447?
1289447
What are the prime factors of 10986377?
10986377
List the prime factors of 1196462.
2, 41, 14591
What are the prime factors of 202625?
5, 1621
List the prime factors of 89497.
31, 2887
What are the prime factors of 56306?
2, 47, 599
What are the prime factors of 680772?
2, 3, 56731
What are the prime factors of 2613693?
3, 871231
List the prime factors of 1808292.
2, 3, 31, 4861
What are the prime factors of 378605?
5, 75721
List the prime factors of 12157678.
2, 13, 47, 9949
List the prime factors of 343953.
3, 12739
List the prime factors of 3258601.
3258601
List the prime factors of 70843.
70843
What are the prime factors of 1287067?
1287067
List the prime factors of 2705077.
2705077
List the prime factors of 239665.
5, 47933
List the prime factors of 34846466.
2, 139, 163, 769
List the prime factors of 3513145.
5, 67, 10487
What are the prime factors of 601873?
601873
List the prime factors of 15588823.
67, 232669
What are the prime factors of 1287459?
3, 19, 7529
What are the prime factors of 1235426?
2, 557, 1109
List the prime factors of 91511.
7, 17, 769
List the prime factors of 105869.
23, 4603
List the prime factors of 549496.
2, 68687
List the prime factors of 3291222.
2, 3, 11, 47, 1061
What are the prime factors of 5245332?
2, 3, 437111
List the prime factors of 4127135.
5, 29, 28463
List the prime factors of 4416108.
2, 3, 379, 971
What are the prime factors of 2049685?
5, 11, 83, 449
What are the prime factors of 26153595?
3, 5, 13, 19, 181
What are the prime factors of 1705438?
2, 7, 61, 1997
What are the prime factors of 98180?
2, 5, 4909
What are the prime factors of 258654?
2, 3, 11, 3919
What are the prime factors of 2749464?
2, 3, 4243
What are the prime factors of 53887?
53887
What are the prime factors of 26312537?
26312537
What are the prime factors of 17876032?
2, 37, 7549
What are the prime factors of 17517222?
2, 3, 108131
What are the prime factors of 383430?
2, 3, 5, 12781
List the prime factors of 3306585.
3, 5, 17, 12967
List the prime factors of 69570.
2, 3, 5, 773
List the prime factors of 816505.
5, 73, 2237
What are the prime factors of 1562547?
3, 7, 37, 2011
What are the prime factors of 32362294?
2, 691, 23417
What are the prime factors of 13078270?
2, 5, 17, 19, 4049
What are the prime factors of 1218616?
2, 7, 47, 463
What are the prime factors of 2118352?
2, 43, 3079
List the prime factors of 784792.
2, 263, 373
What are the prime factors of 3145466?
2, 617, 2549
List the prime factors of 19204472.
2, 7, 48991
What are the prime factors of 21596511?
3, 17, 423461
List the prime factors of 190288.
2, 7, 1699
List the prime factors of 13227144.
2, 3, 7, 43, 1831
What are the prime factors of 31123295?
5, 7, 889237
What are the prime factors of 15335497?
53, 289349
List the prime factors of 2289580.
2, 5, 114479
List the prime factors of 15308828.
2, 3827207
What are the prime factors of 1747851?
3, 7, 83231
What are the prime factors of 8525736?
2, 3, 59, 223
List the prime factors of 7082463.
3, 41, 71, 811
What are the prime factors of 723085?
5, 11, 13147
List the prime factors of 1553177.
1553177
What are the prime factors of 22070707?
617, 35771
What are the prime factors of 1806279?
3, 602093
What are the prime factors of 13933914?
2, 3, 17, 136607
List the prime factors of 2375323.
19, 125017
What are the prime factors of 5006518?
2, 11, 227569
List the prime factors of 7740986.
2, 11, 351863
List the prime factors of 20270.
2, 5, 2027
What are the prime factors of 2469985?
5, 7, 70571
What are the prime factors of 5672337?
3, 11, 171889
What are the prime factors of 459416?
2, 57427
What are the prime factors of 5798383?
2399, 2417
What are the prime factors of 1036472?
2, 23, 43, 131
List the prime factors of 244055.
5, 7, 19, 367
What are the prime factors of 1182928?
2, 17, 4349
What are the prime factors of 274567?
17, 31, 521
What are the prime factors of 8993947?
647, 13901
List the prime factors of 2913678.
2, 3, 79, 683
List the prime factors of 389406.
2, 3, 64901
List the prime factors of 28277783.
17, 97847
List the prime factors of 899692.
2, 37, 6079
List the prime factors of 7011311.
113, 62047
What are the prime factors of 28008357?
3, 13, 718163
List the prime factors of 2615048.
2, 326881
What are the prime factors of 2671173?
3, 296797
What are the prime factors of 1716205?
5, 47, 67, 109
What are the prime factors of 50717?
41, 1237
What are the prime factors of 14605548?
2, 3, 73, 16673
List the prime factors of 316629.
3, 1303
What are the prime factors of 498993?
3, 11, 15121
What ar